hen 288 is divided by r?
42
Let d(h) = h**3 - 7*h**2 - 9*h + 11. Let g be d(8). Suppose g*i - 120 = s, 70 = 3*i - 2*s - 47. What is the remainder when 242 is divided by i?
37
Suppose 0 = -75*c + 40*c + 2*g + 787, -2*c = -4*g - 10. Suppose 5*r - 223 - 157 = 0. Calculate the remainder when r is divided by c.
7
Suppose 253*y - 62*y - 730384 = 0. What is the remainder when y is divided by 17?
16
What is the remainder when 2364 is divided by (-5 - 0)*21*(-20)/150?
12
Suppose -2*w + 128 = -4*f, 0*f + 3*f + w + 96 = 0. Let v = 236 - 28. What is the remainder when 70 is divided by f/v - 106/(-13)?
6
Let h be 29 - (4 - (-49)/(-7)). Suppose 3*x - 59 = -9*g + 5*g, -h = -2*g - 4*x. Calculate the remainder when 27 is divided by g.
13
Let t be 1/(-2) - (-6)/12 - 209. Let c = -91 - t. Calculate the remainder when c is divided by (11/(-10) - (-6)/4)*100.
38
Let f be 1/4*0 + 1125. Let m(a) = 2*a + 7. Let t be m(16). What is the remainder when 8/52 + f/t is divided by 10?
9
Suppose 55 = 3*t + 5*f, -4*f + 1 = -7. Let v be (-2)/(-3)*t/(-10). Calculate the remainder when 10 is divided by (-3)/((-4)/(-10) + v).
0
What is the remainder when (7 - 9198/(-2)) + 24 is divided by 19?
13
Suppose 3*v = -0*m - 4*m + 126, v - 44 = -2*m. What is the remainder when v is divided by -15*(-6 - ((-72)/15 - -5)*-28)?
2
Let f be (5 - 33/6)/(1/(-4)). Suppose 0 = f*n - 32 + 26. Calculate the remainder when 8 is divided by n/(-4 - (-3 + -2)).
2
Let v(b) = 22*b. Let m be (-6)/27 + (-290)/(-90). Suppose 52 = 5*y + 4*f, -47*y = -46*y + m*f - 6. What is the remainder when v(2) is divided by y?
8
Let b be ((-5)/(-6))/((-11)/(-66)). Suppose -18 = 3*n - b*n. Suppose -2*o - n*o = -583. What is the remainder when o is divided by 28?
25
Let y be 1*(-3315)/(-18) - (-13)/(-78). Let q = y + 139. Calculate the remainder when q is divided by 36.
35
Let w = -851 + 917. Let i be 1/(-1*(-2)/6). Suppose 0 = -0*u - u - 3, -i*z - 5*u = -w. What is the remainder when 52 is divided by z?
25
Suppose 963 = 17*m - 28*m + 3801. What is the remainder when m is divided by 9?
6
Suppose -4*t + 6*c - 8*c + 1270 = 0, 0 = c - 3. Calculate the remainder when t is divided by 102.
10
Suppose -4*r + 271 = -297. Suppose 194 + r = 12*b. Calculate the remainder when 110 is divided by b.
26
Suppose 0 = 93*j - 46*j - 73*j + 910. Suppose -r + 5*r - 8 = 0. Suppose 4*s = -2*m + 46, 0*s - s - r*m = -16. What is the remainder when j is divided by s?
5
Let q = 297 - 286. Suppose 1639 = q*y - 1870. Calculate the remainder when y is divided by 25.
19
Suppose -515 = 59*q - 5707. What is the remainder when 93 is divided by q?
5
Let g(j) = 58*j**2 - 70*j - 17. Calculate the remainder when g(8) is divided by 157.
152
What is the remainder when ((-3)/4)/(165/(-1243660)) is divided by 22?
21
Let y(n) = -23*n - 88. Let f be y(8). Let i = f - -293. Calculate the remainder when 54 is divided by i.
12
Suppose -8*a + 12*a - 16 = 0, -4*a + 236 = 10*h. Calculate the remainder when 1208 is divided by h.
20
Let k(o) = -o**3 + 13*o**2 - 9*o - 11. Let i = -611 + 629. What is the remainder when k(12) is divided by i?
7
Let l(d) = 540*d**2 + 12*d + 1. Calculate the remainder when l(-1) is divided by 41.
37
Suppose 0 = -r + 2, 5*g - 3*r - 313 = 316. What is the remainder when 989 is divided by g?
100
Let a be 80/28 - (-1)/7. Calculate the remainder when 78 is divided by (8/3 - a)*1*-57.
2
Let m = -20 + 28. Let x = 501 - 472. Suppose -126 = -x*i + 20*i. What is the remainder when i is divided by m?
6
Let p = 175 - 139. Suppose -k = 0, 0 = -2*t - 4*k + p. Suppose -3 = -4*n + 281. What is the remainder when n is divided by t?
17
Let m = 832 - 802. What is the remainder when 483 is divided by m?
3
Let u = 603 + -604. Let d(p) = 40*p + 47. Calculate the remainder when 17 is divided by d(u).
3
Suppose -9156 - 10190 = 4*c - 38*c. Calculate the remainder when c is divided by 17.
8
Let q(s) = -99*s + 5686. Calculate the remainder when 213 is divided by q(57).
41
Let l be (12/16)/(3/12). Suppose l*o - 91 = 5*a, 8*o + 3*a = 6*o + 48. Calculate the remainder when 323 is divided by o.
26
Suppose -344280 = -110*h - 118*h. What is the remainder when h is divided by 503?
1
Suppose -14 + 55 = 3*t - 4*l, -t = 3*l + 8. Suppose 3*b + 12 = 0, -6*p - b = -t*p + 248. What is the remainder when p is divided by 41?
39
Suppose -4*m + 7*m - 51 = -c, 5*c = 4*m + 160. Let a be (75/10 - -7) + (-6)/4. Suppose -3*s + a = -2*s. Calculate the remainder when c is divided by s.
10
Let l(w) = w**3 - 20*w**2 - 18*w + 33. Let t = 407 + -386. Calculate the remainder when l(t) is divided by 20.
16
Let s(r) = 106*r + 26. Let x(z) = -2*z. Let g(o) = -s(o) - 12*x(o). Calculate the remainder when g(-7) is divided by 61.
60
Suppose 4*n + 3*a - 1338 = 5*a, 5*n = -a + 1683. Suppose 3*r = 48 - 9. What is the remainder when n is divided by r?
11
Let c(r) = 65*r - 1483. Calculate the remainder when 837 is divided by c(23).
9
Let c(p) = 6*p + 8. Let g = 14 - 18. Let l be c(g). Let n = 5 - l. What is the remainder when 39 is divided by n?
18
Suppose -5*h = 0, 5*h + 473 = -15*i + 16*i. Calculate the remainder when i is divided by 17.
14
Let r = 82 - -203. Suppose 0 = -4*m + m - 3*o + r, 0 = -2*m - 5*o + 196. What is the remainder when m is divided by 39?
15
What is the remainder when 1106 is divided by -1 - 5 - (33 + (-2 - -12))*-3?
122
What is the remainder when -66*(-8 - 154/33) is divided by 141?
131
Suppose 2*l - 15*v = -20*v + 1790, 3*l - 2671 = -4*v. Calculate the remainder when l is divided by 158.
95
Let z(a) = 7*a**3 + 70*a**2 + 8*a + 97. Calculate the remainder when 1946 is divided by z(-10).
8
Let f(o) = o**2 + 27*o + 277. Suppose -16*p + 92 = -14*p. Calculate the remainder when f(-7) is divided by p.
45
Let m be 0 + (-4)/(-2) + 110/22. Let g(v) = 3*v**3 - 16*v**2 - 3*v - 35. What is the remainder when g(m) is divided by 49?
42
Suppose 5*g = 66 + 14. Suppose -33 = -11*v + 11. What is the remainder when g is divided by -7*(v/2)/((-26)/13)?
2
Let o = -2 + 4. Suppose 0 = -2*a - 2*y, 9*y = a + 12*y + 10. What is the remainder when 42*(2 + (-3)/o) is divided by a?
1
Suppose 50*i - 4974 - 5119 = -3543. Calculate the remainder when 783 is divided by i.
128
Let s(b) = 4*b**3 - 25*b**2 + 56*b - 9. What is the remainder when 181 is divided by s(4)?
39
Suppose 0*c - 16 = 2*c + 5*u, -4*u - 6 = 5*c. Suppose p + 0*p = 2*i - 100, -c*i = -5*p - 100. Let y = i + -43. Calculate the remainder when y is divided by 5.
2
Let o = -6508 + 6632. Let a(n) = n**2 - 5*n - 4. Let z be a(5). Let t(l) = 2*l**2 + 2*l + 1. What is the remainder when o is divided by t(z)?
24
What is the remainder when (715/1287 + (-2 - (-32)/18))*1557 is divided by 25?
19
Suppose 0 = -20*t - 39 - 1. Let x(q) = -3*q**3 + q**2 - 6*q - 8. Calculate the remainder when x(t) is divided by 12.
8
Let w = 90 - 90. Suppose 0 = -w*p + 3*p - 255. Calculate the remainder when p is divided by 8.
5
Let l(q) = -q**3 - 12*q**2 + 9*q - 44. Let k be l(-13). Let g(v) = 26*v - 20. Calculate the remainder when g(k) is divided by 38.
36
Suppose 34*z = -59*z + 99*z - 726. What is the remainder when 1079 is divided by z?
111
Let k be 2 + 0 + 73 - 1. Let s(w) = -w**3 - 23*w**2 - 76*w - 48. Let a be s(-19). Let t = k + a. Calculate the remainder when 129 is divided by t.
25
Let o(f) = 18*f - 41. Let i(q) = -14*q + 41. Let a(w) = 3*i(w) + 2*o(w). Calculate the remainder when 326 is divided by a(0).
39
Suppose 30*q + 9*q - 277 = 425. Calculate the remainder when q is divided by 14.
4
Let i = -3525 - -3644. What is the remainder when i is divided by 8?
7
Let v = 6370 - -806. Calculate the remainder when v is divided by 37.
35
Suppose -16*u + 1809 = 113. Suppose -2*b = -3*b + 36. Calculate the remainder when u is divided by b.
34
Suppose -7*x + 4*j + 33 = 0, 5*x - 479*j + 474*j = 15. Calculate the remainder when 992 is divided by x.
5
Let l(a) = 13*a**3 + a**2 + 4*a - 1. Let q(x) = 3*x**2 - 2*x + 2. What is the remainder when l(2) is divided by q(1)?
1
Let n(l) = -3*l**3 - 7*l**2 + l. Let s be n(1). What is the remainder when ((-344)/(-24) - -5)/((-2)/s) is divided by 3?
0
Suppose -h - 7520 = -161*h. What is the remainder when 103 is divided by h?
9
Let n(z) be the second derivative of z**3/3 - 2*z**2 + 15*z. Let d be n(0). Calculate the remainder when 27 is divided by 54/